base 13?
-129c7
What is 1000010001001100 (base 2) in base 8?
102114
What is a12 (base 11) in base 5?
14343
What is -930 (base 10) in base 5?
-12210
Convert -14bc (base 16) to base 5.
-132213
What is 21342 (base 7) in base 10?
5322
-14455 (base 14) to base 4
-30101023
11231320 (base 4) to base 10
23416
What is 21002102 (base 3) in base 16?
1430
What is a712 (base 13) in base 3?
1011210002
What is -115551 (base 6) in base 13?
-4942
Convert -27d (base 14) to base 13.
-2c9
376 (base 11) to base 3
121112
-334425 (base 7) to base 16
-e74b
What is 110222121 (base 3) in base 2?
10010011111010
Convert -3054 (base 9) to base 5.
-32421
1663 (base 9) to base 6
5520
What is 1497 (base 11) in base 13?
b4a
What is 10200010 (base 3) in base 9?
3603
Convert 2721 (base 9) to base 14.
a60
Convert -113241 (base 5) to base 6.
-31232
What is -3307 (base 9) in base 6?
-15141
11100110101000 (base 2) to base 13
6945
Convert 18a6 (base 11) to base 12.
1493
-50034 (base 6) to base 4
-1211212
Convert 117 (base 11) to base 8.
213
Convert -2113130 (base 4) to base 12.
-5738
Convert -11439 (base 10) to base 6.
-124543
13031133 (base 4) to base 16
735f
Convert -101111101100101 (base 2) to base 14.
-8c85
What is 6b9 (base 16) in base 9?
2322
Convert -274 (base 13) to base 6.
-2001
What is 2122121 (base 3) in base 15?
88d
-460 (base 11) to base 2
-1000100110
Convert -7d (base 15) to base 7.
-226
What is -17594 (base 10) in base 15?
-532e
-5565 (base 9) to base 5
-112414
Convert 6c9 (base 16) to base 6.
12013
What is -3324 (base 8) in base 14?
-8cc
Convert 176 (base 9) to base 5.
1100
-22062 (base 7) to base 3
-21120220
What is 456 (base 9) in base 14?
1cb
-10160 (base 7) to base 10
-2492
-137aa (base 12) to base 7
-141613
5024 (base 6) to base 8
2110
What is 32200 (base 6) in base 7?
15543
What is 10220101 (base 3) in base 10?
2845
What is 111101101011 (base 2) in base 12?
234b
-13330 (base 4) to base 7
-1324
Convert 132332 (base 7) to base 4.
12010202
Convert -506 (base 12) to base 5.
-10401
65244 (base 7) to base 16
3f7b
-120102 (base 3) to base 8
-640
What is 2213 (base 5) in base 11?
260
Convert -1122b (base 14) to base 9.
-63042
Convert -2d3 (base 14) to base 11.
-485
25400 (base 6) to base 10
3816
Convert -1022 (base 6) to base 15.
-105
Convert 122a7 (base 11) to base 13.
8068
-520 (base 14) to base 8
-1760
2b3 (base 13) to base 12
344
Convert -932c (base 13) to base 11.
-142a1
What is -10111101111000 (base 2) in base 4?
-2331320
What is -9 (base 16) in base 7?
-12
-1165 (base 11) to base 4
-113303
What is 1325 (base 8) in base 12?
505
Convert 1536 (base 12) to base 6.
15310
b2 (base 12) to base 5
1014
Convert 90a (base 11) to base 4.
101023
What is 11 (base 15) in base 12?
14
399 (base 16) to base 9
1233
12230123 (base 4) to base 8
65433
-142624 (base 7) to base 6
-330521
What is -18b33 (base 12) in base 2?
-1000110101010111
What is -a4a3 (base 14) in base 2?
-110111011001111
What is -ec0 (base 15) in base 13?
-1692
What is 17994 (base 10) in base 9?
26613
What is 1113221 (base 4) in base 9?
7622
What is -51 (base 12) in base 11?
-56
What is 37539 (base 10) in base 7?
214305
-2210110 (base 3) to base 8
-3765
5128 (base 10) to base 2
1010000001000
What is 782 (base 12) in base 13?
671
What is 112d5 (base 15) in base 13?
1bb4b
-153c (base 15) to base 12
-2779
What is 31cd (base 16) in base 6?
135005
What is -4e96 (base 15) in base 8?
-40627
Convert -1120102 (base 3) to base 15.
-515
-160 (base 16) to base 14
-1b2
What is 6354 (base 8) in base 5?
101213
-1111000100011 (base 2) to base 14
-2b51
Convert -36583 (base 11) to base 15.
-108c0
What is 50245 (base 6) in base 7?
25121
Convert -1323023 (base 4) to base 12.
-468b
What is -143010 (base 5) in base 11?
-456a
What is 1b71 (base 13) in base 2?
1000000110100
140 (base 13) to base 6
1005
What is -2472 (base 16) in base 10?
-9330
Convert 1db4 (base 16) to base 10.
7604
Convert 1a465 (base 13) to base 3.
2121100122
Convert 221242 (base 5) to base 8.
17021
Convert -10000010011111 (base 2) to base 16.
-209f
11041 (base 9) to base 14
2955
What is 2511 (base 11) in base 13?
1653
2ba (base 16) to base 10
698
96 (base 14) to base 6
340
What is -18155 (base 9) in base 5?
-400044
-4cb6 (base 13) to base 7
-43653
10251 (base 15) to base 5
3114101
Convert -2a53 (base 15) to base 13.
-4194
Convert 21087 (base 11) to base 7.
155346
-110010222 (base 3) to base 7
-34550
What is 140e (base 15) in base 13?
1c4c
-a00 (base 15) to base 9
-3070
Convert 34340 (base 5) to base 16.
9a6
What is 332114 (base 5) in base 6?
125222
What is -dc (base 15) in base 10?
-207
10101010001 (base 2) to base 13
809
What is -1222 (base 11) in base 12?
-b11
458 (base 11) to base 16
223
Convert -265 (base 7) to base 4.
-2101
Convert -37270 (base 9) to base 5.
-1300021
What is -1202 (base 7) in base 6?
-2015
-11011 (base 5) to base 3
-1001000
What is -205 (base 13) in base 12?
-247
454 (base 8) to base 5
2200
-2101232 (base 4) to base 2
-10010001101110
What is -122 (base 3) in base 13?
-14
1213 (base 7) to base 14
243
What is -1011010000 (base 2) in base 13?
-435
Convert 9b03 (base 15) to base 8.
100125
Convert 133 (base 6) to base 11.
52
-2cf (base 16) to base 11
-5a4
Convert -20610 (base 8) to base 6.
-103424
Convert 210200212 (base 3) to base 16.
3dca
What is 4793 (base 15) in base 12?
8979
3511 (base 8) to base 9
2502
-1ca (base 14) to base 8
-566
Convert -331a2 (base 11) to base 16.
-bc15
What is -1168 (base 13) in base 14?
-c72
What is -2b65 (base 12) in base 13?
-2438
Convert 135 (base 10) to base 11.
113
-201021220 (base 3) to base 11
-a626
Convert 544c (base 13) to base 7.
46120
Convert -75bc (base 14) to base 3.
-1000220212
What is 4577 (base 10) in base 4?
1013201
Convert -cddc (base 16) to base 8.
-146734
162 (base 14) to base 6
1150
What is -2421 (base 5) in base 6?
-1401
Convert -111 (base 11) to base 8.
-205
What is -1012202022 (base 3) in base 6?
-302312
What is -21011 (base 4) in base 16?
-245
What is -2b6a (base 14) in base 5?
-221423
What is 14254 (base 7) in base 12?
231a
Convert 6292 (base 11) to base 4.
2002021
10522 (base 6) to base 11
1135
-407 (base 15) to base 10
-907
-1829 (base 10) to base 3
-2111202
What is 30047 (base 8) in base 14?
46c7
Convert -1135 (base 10) to base 5.
-14020
What is -100110100 (base 2) in base 10?
-308
12838 (base 9) to base 3
102221022
Convert -2e7 (base 15) to base 4.
-22123
-203 (base 16) to base 7
-1334
Convert 1423012 (base 5) to base 15.
8c3c
117713 (base 8) to base 6
513215
What is 15865 (base 13) in base 14?
10d13
Convert 736 (base 11) to base 3.
1012211
What is -40526 (base 10) in base 11?
-284a2
323 (base 10) to base 7
641
1000111 (base 5) to base 12
9088
What is 3aad (base 15) in base 7?
51361
-41921 (base 12) to base 2
-10100111111101001
What is 345310 (base 6) in base 14?
ab7c
-101010110000 (base 2) to base 12
-1700
-3175 (base 9) to base 15
-a5b
What is -204430 (base 6) in base 2?
-100000011000010
-11604 (base 8) to base 11
-3832
What is -121210 (base 3) in base 4?
-13011
What is -35516 (base 9) in base 3?
-1012120120
-1155 (base 6) to base 3
-101122
What is -10100100000 (base 2) in base 3?
-1210121
Convert -5910 (base 16) to base 3.
-1011021110
What is 2c0 (base 13) in base 14?
274
Convert -1d1 (base 14) to base 5.
-3004
-1095b (base 13) to base 12
-15552
-152503 (base 8) to base 9
-82801
Convert 3864 (base 9) to base 15.
ccd
-23 (base 4) to base 6
-15
What is -256 (base 15) in base 6?
-2243
-51736 (base 9) to base 8
-102526
What is -45126 (base 7) in base 11?
-8613
1111 (base 5) to base 9
183
101000100110010 (base 2) to base 5
1131121
204 (base 10) to base 2
11001100
-44367 (base 8) to base 14
-6b43
50067 (base 9) to base 5
2022431
-5401 (base 8) to base 4
-230001
What is 1243 (base 6) in base 5?
2230
Convert -101111010 (base 2) to base 9.
-460
What is 279 (base 16) in base 11?
526
What is 6c6 (base 13) in base 3?
1121120
-1613 (base 10) to base 13
-971
Convert -124 (base 8) to base 13.
-66
Convert -301310 (base 6) to base 5.
-1224113
What is -14556 (base 7) in base 8?
-7733
What is -2978 (base 10) in base 12?
-1882
Convert -42140 (base 5) to base 7.
-11102
Convert -27d0 (base 16) to base 9.
-14874
-15 (base 14) to base 15
-14
Convert 1012 (base 5) to base 8.
204
Convert 33514 (base 6) to base 1